) = 15*d + 2. Let g be w(3). Suppose 5*q - 2*j - g = 0, 2*j = 3*q - 22 - 3. Suppose -q + 1 = -a. Calculate the remainder when 19 is divided by a.
9
Let i(s) = -s**2 - 2*s + 2. Let f(x) = -x**2 + x - 1. Let r(u) = -2*f(u) + i(u). Calculate the remainder when 6 is divided by r(4).
2
Suppose -5*k + 2*k + 42 = 0. Let r = 15 + 12. What is the remainder when r is divided by k?
13
Suppose -3*j + 92 = -10. Suppose -5*n + 9*l = 7*l - 70, 0 = 4*n + 5*l - 23. What is the remainder when j is divided by n?
10
Suppose -1 = -m - 2*y, -5 = -5*m + 5*y + 15. Suppose 2*j - 24 = -t, 5*j - 30 = 2*t + m*t. Suppose 4*x - 38 = 2*x. What is the remainder when x is divided by j?
9
Let i = 60 + -19. Let s be -20 + 8 - 8/(-2). Let j(q) = q**2 + 6*q + 5. Calculate the remainder when i is divided by j(s).
20
Suppose -3*x + 190 = -11. Suppose 5*y - 3*n - x = -0*n, -y + 2*n = -19. Calculate the remainder when 32 is divided by y.
10
Let y be -2*(-1)/(1 - 2). What is the remainder when y/(2*-1) + 16 is divided by 1/(20/18 + -1)?
8
Let k(r) = -r**2 - r - 7. Let l be k(0). Let u(y) = y**2 + 2*y + 10. What is the remainder when u(l) is divided by 12?
9
Let z = 46 - 26. Calculate the remainder when 78 is divided by z.
18
Suppose 2*y + 9 = d, 5 = -4*y + 5*d - 28. Let j be (-18)/12 + (-1)/y. Calculate the remainder when (1 - j - -37) + 1 is divided by 14.
12
What is the remainder when 75 is divided by 17/(-34) - (-82)/4?
15
Suppose -13 = -x - t, -36 = -3*x - 4*t + 2*t. Suppose -4*l - 103 = -3*w, 3*w - 4*l - 66 = w. Calculate the remainder when w is divided by x.
7
Let m(k) = -k**3 + 4*k**2 + k + 4. Suppose 5*u - u = 76. Let v = -10 + u. Calculate the remainder when m(3) is divided by v.
7
Suppose 0 = z - 5*m - 51, 133 = 3*z - 5*m - 0*m. Calculate the remainder when 122 is divided by z.
40
Let f = 9 + -1. Let a(q) = -4*q**3 - 8*q**2 - 13. Let r(i) = -i**3 + i. Let b(w) = a(w) - 5*r(w). Calculate the remainder when b(9) is divided by f.
7
Suppose -27 = 4*a - 7, 3*l - a = -34. Let n = l + 7. Let s = 22 + n. Calculate the remainder when 30 is divided by s.
14
Let k = 0 + 5. Suppose -4*y + 3*q = -25, -y = -k*y - 4*q + 32. What is the remainder when 20 is divided by y?
6
Suppose l = -l - 4, 5*n - 106 = -2*l. What is the remainder when n is divided by 5?
2
Calculate the remainder when 18 is divided by 1/(-2 - 2 - 232/(-56)).
4
Suppose -2*h + 145 = -97. Suppose 5*w + 2*v = 201 - 8, 3*w = 4*v + h. Calculate the remainder when w is divided by 20.
19
Let b(u) = -u**2 + 11*u + 1. Let k be b(11). Let y = k - -1. Suppose -70 = -5*i + y*f + f, 0 = -5*i - 3*f + 40. Calculate the remainder when 32 is divided by i.
10
Suppose 4*t - o - 14 = -0*t, 3*o = -6. Suppose -t*f - f = -216. Let v = f - 37. Calculate the remainder when v is divided by 9.
8
Let w(l) = l**3 - 6*l - 1. Suppose -4*k - o + 5*o + 72 = 0, -4*k + 5*o + 67 = 0. What is the remainder when k is divided by w(3)?
7
Let t = 107 + -78. Calculate the remainder when 144 is divided by t.
28
Let z(g) = g**2 - 2*g + 1. What is the remainder when z(9) is divided by 17?
13
Let p be 72/28*14*1. Let t be (0 - 1) + p/1. Suppose -4*y - 3 = -t. What is the remainder when 23 is divided by y?
7
Let t(w) = -10*w + 1. Let h(m) = 2*m. Let p(a) = -11*h(a) - 2*t(a). Calculate the remainder when 29 is divided by p(-6).
9
Let d = -8 - -2. Let v be ((-27)/d)/(2/12). Suppose -5*p + 13 = -v. What is the remainder when 21 is divided by p?
5
Suppose 4*g + 6 - 86 = 0. Calculate the remainder when (-2175)/(-58) + (-6)/(-4) + -1 is divided by g.
18
Suppose -4*y = -4*a - 44, 0 = y - 4*y + 4*a + 32. What is the remainder when y is divided by 5?
2
Suppose -3*c + 107 = 5*v - 31, 4*v - c - 124 = 0. What is the remainder when 6/(-4)*v/(-9) is divided by 2?
1
Suppose 0 = 2*y + y - 36. Suppose 0 = -5*h + 244 - 69. Calculate the remainder when h is divided by y.
11
Let t be (-208)/12*(-3)/2. Suppose -3*c = -10 - t. Calculate the remainder when 23 is divided by c.
11
Suppose -7*c + 2*c = -260. Let g = 2 - 2. Suppose g = -0*m + 2*m - 36. What is the remainder when c is divided by m?
16
Suppose 2*a - x = 148, 114 = 4*a + 5*x - 210. Suppose -7 = 3*y - a. What is the remainder when y is divided by 13?
10
Let b = 10 - -7. Suppose b = 5*k - 3. Suppose -k*a + 82 = 26. Calculate the remainder when 26 is divided by a.
12
Let v(p) = -7*p**3 + p**2 + p. Calculate the remainder when (-2)/11 + 4/22 + 25 is divided by v(-1).
4
Suppose -8*j + 86 = 22. Suppose -5*h + 117 = 4*c, -2*h + 2*c + 45 = 3*c. What is the remainder when h is divided by j?
5
Let u(d) = 58*d. Let q be u(2). Suppose 2*o + 3*n = q, 0*o + 5*n = -2*o + 108. Calculate the remainder when o is divided by 22.
20
Let b(n) = -n**3 + 5*n**2 - 3*n - 3. Let w be b(3). Suppose 0 = 4*f - w + 2. Calculate the remainder when 23 is divided by 6/4*(9 - f).
11
Let u(p) = 2*p + 6. Calculate the remainder when u(14) is divided by 7.
6
Let a(s) = s**3 - 4*s**2 + 3*s + 3. Let h be a(3). Let f = h + 7. Suppose 0 = -b + 4. What is the remainder when f is divided by b?
2
Let u(w) = -w**3 - 2*w**2 - 2*w - 2. Let b be u(-3). Let g(x) be the first derivative of x**2/2 + 12*x - 2. Calculate the remainder when 48 is divided by g(b).
23
Let z(r) = -r**3 + 11*r**2 + 20. What is the remainder when 34 is divided by z(11)?
14
Let x = 19 - 3. Let k = 62 - x. Suppose 3*p = -5*v + k, 5*p + 2*v - 6*v = 52. Calculate the remainder when 47 is divided by p.
11
Let m(y) = -y**3 + 11*y**2 + 7*y - 54. Suppose -2*v = 8 - 22. Suppose -v*c + 24 = -4*c. Calculate the remainder when m(11) is divided by c.
7
Let o be 10/2 + 0/1. Suppose 2*v - 20 = 3*k - 0, -o*k + 10 = v. What is the remainder when 28 is divided by v?
8
Suppose 6 = y - 3. Calculate the remainder when y is divided by 32/5 - (-2)/(-5).
3
Suppose 2*b - 2*w - 75 = -7*w, 0 = 4*b + 3*w - 185. What is the remainder when b is divided by 13?
11
Suppose 4*u - 25 = 3*r, 5*r = -0*u - 2*u - 85. Let q = 8 - 18. Let b = q - r. Calculate the remainder when b is divided by 3.
2
Suppose 3*q + q = 36. What is the remainder when 69 is divided by q?
6
Suppose 2 = -g + 20. What is the remainder when 61 is divided by g?
7
Suppose 4*c = 2*f - 0 - 4, 0 = 4*c - 16. Suppose -z - 2 = p, 0*z - f = -4*p + 2*z. Calculate the remainder when (-1 + -1)*1/(-2) is divided by p.
0
Suppose 264 = 38*j - 5*j. Let d = 1 + 0. Calculate the remainder when 122/8 + d/(-4) is divided by j.
7
Calculate the remainder when 39/52 + (-858)/(-8) is divided by 37.
34
Let s = 18 - 2. Let r(b) = b**2 - 7. What is the remainder when r(-6) is divided by s?
13
Let u(j) = -j**2 + 16*j - 5. Suppose -68 = -4*t - 4*b, 0 = -4*t + 4*b - 3*b + 58. What is the remainder when 48 is divided by u(t)?
8
Let t(f) = -f**3 + 6*f**2 + 7*f - 4. Let l be t(7). Calculate the remainder when 10 is divided by 12*l/(6*-2).
2
Let y(f) = -f**3 + 3*f**2 - 4. Let g be y(3). Calculate the remainder when (g/6)/((-20)/2130) is divided by 24.
23
Suppose s + 2*s - 3 = 0. Let g(q) = 5*q - 1. Let u be g(2). Let h = u - s. What is the remainder when h is divided by 3?
2
Let m be (6/(-7))/(1/(-7)). Let s(f) = 12*f**2 + 4*f + 2. Calculate the remainder when s(-1) is divided by (m/(-5))/(2/(-10)).
4
Let w = -1 + 3. Let g be 2*(w + 22/4). Suppose 10*a = 5*a + g. What is the remainder when a is divided by 2?
1
Suppose -4*g = -4*u - 232, 2*u + 15 = -u. What is the remainder when g is divided by 20?
13
Suppose 2*v = -3*v - 10. Let d be 4/2 + 2/v. Calculate the remainder when 16 is divided by -1*(-1 - d) - -4.
4
Let i be 10/4*(6 - -6). Let t = -16 + i. Calculate the remainder when t is divided by 9.
5
Suppose x = u - 8, x + 0*x = 2. Let n(q) = q**2 + 7*q + 9. What is the remainder when n(-8) is divided by u?
7
Suppose 2*r - 10 - 2 = 0. Suppose -5*k = -3*y + 8, k + 2*k = 2*y - r. Suppose -34 - y = -2*p. Calculate the remainder when p is divided by 7.
6
Suppose 3*n - 360 = -2*n - 3*m, 0 = -4*n + 2*m + 310. What is the remainder when n is divided by 19?
18
Let a be 1/((16/20)/4). Suppose 0 = -8*b + a*b + 54. What is the remainder when ((-34)/5)/((-2)/10) is divided by b?
16
Suppose -3*l + v + 51 = 0, 3*v + 18 = 3*l - 39. What is the remainder when 31 is divided by l?
15
Let d = 9 - -3. What is the remainder when 33 is divided by d?
9
Calculate the remainder when -6*-2*(-3)/(-4) is divided by 3.
0
Let p be 1*